{"id":3954,"date":"2014-04-02T10:15:56","date_gmt":"2014-04-02T14:15:56","guid":{"rendered":"https:\/\/www.imtbike.com\/?page_id=3954"},"modified":"2020-08-03T10:51:01","modified_gmt":"2020-08-03T14:51:01","slug":"malaga","status":"publish","type":"page","link":"https:\/\/www.imtbike.com\/pt-br\/alugel-motos-espanha-portugal\/localizacoes\/malaga\/","title":{"rendered":"Aluguel de Motos BMW em M\u00e1laga"},"content":{"rendered":"<p>M\u00e1laga \u00e9 a capital da &#8220;Costa del Sol&#8221; (Costa do Sol). Localizada no sul de Espanha, \u00e9 a cidade Espanhola com mais dias de sol por ano! 325 dias de sol e uma temperatura m\u00e9dia de 18\u00baC(65\u00baF) tornando-a numa para\u00edso natural para pilotar uma moto BMW.<a href=\"https:\/\/www.imtbike.com\/be\/wp-content\/uploads\/2014\/04\/malaga-2.jpg\" rel=\"attachment wp-att-13007\"><img decoding=\"async\" loading=\"lazy\" class=\"size-medium wp-image-13007 alignright\" src=\"https:\/\/www.imtbike.com\/be\/wp-content\/uploads\/2014\/04\/malaga-2-300x194.jpg\" alt=\"motorcycle-rental-in-malaga\" width=\"300\" height=\"194\" srcset=\"https:\/\/www.imtbike.com\/be\/wp-content\/uploads\/2014\/04\/malaga-2-300x194.jpg 300w, https:\/\/www.imtbike.com\/be\/wp-content\/uploads\/2014\/04\/malaga-2.jpg 322w\" sizes=\"(max-width: 300px) 100vw, 300px\" \/><\/a><\/p>\n<p>M\u00e1laga tem praias fant\u00e1sticas e no seu centro podemos desfrutar de in\u00fameros bares, restaurantes e esplanadas onde pode provar o melhor marisco do mediterr\u00e2neo. As montanhas do interior que rodeiam M\u00e1laga t\u00eam algumas mas melhores estradas do mundo para percorrer em moto. Curvas perfeitas sem tr\u00e1fego. Se for para norte, estas estradas montanhosas podem lev\u00e1-lo a um imenso olival, caso contr\u00e1rio pode optar por passear atrav\u00e9s das t\u00edpicas vilas e aldeias brancas durante 2 horas at\u00e9 chegar ao m\u00edtico ao Circuito de Jerez e juntar-se aos 120 000 f\u00e3s do campeonato do mundo de MotoGP para a primeira corrida Europeia de cada temporada!<\/p>\n<h3>O que visitar em M\u00e1laga<\/h3>\n<p>Em M\u00e1laga \u00e9 obrigat\u00f3rio visitar o Museu Picasso, j\u00e1 que foi a cidade onde nasceu o pintor. Deve tamb\u00e9m visitar o Castelo Gibralfaro, o Teatro Romano e a Catedral. Uma pequena sa\u00edda em moto fora de M\u00e1laga pode lev\u00e1-lo at\u00e9 Marbelha e Porto Banus que \u00e9 onde vivem muitos dos famosos da sociedade Europeia.<\/p>\n<h3>Tours IMTBIKE<\/h3>\n<p>Se est\u00e1 \u00e0 procura de umas f\u00e9rias em moto sem preocupa\u00e7\u00f5es, a IMTBIKE oferece tamb\u00e9m tours guiados e autoguiados em Espanha, Portugal, Marrocos, Fran\u00e7a e It\u00e1lia. N\u00f3s usamos os melhores hot\u00e9is &#8220;motorcycle-friendly&#8221; e a garantia de estradas incr\u00edveis dia ap\u00f3s dia! Para ver mais informa\u00e7\u00e3o acerca dos tours IMTBIKE por favor <a href=\"\/imt-motorcycle-tours\">clique aqui<\/a>.<\/p>\n","protected":false},"excerpt":{"rendered":"<p>M\u00e1laga \u00e9 a capital da &#8220;Costa del Sol&#8221; (Costa do Sol). Localizada no sul de Espanha, \u00e9 a cidade Espanhola com mais dias de sol por ano! 325 dias de sol e uma temperatura m\u00e9dia de 18\u00baC(65\u00baF) tornando-a numa para\u00edso natural para pilotar uma moto BMW.<\/p>\n<p> <a class=\"read-more\" href=\"https:\/\/www.imtbike.com\/pt-br\/alugel-motos-espanha-portugal\/localizacoes\/malaga\/\"> Read More<\/a><\/p>\n","protected":false},"author":21,"featured_media":12404,"parent":3932,"menu_order":0,"comment_status":"open","ping_status":"closed","template":"","meta":{"footnotes":""},"acf":[],"yoast_head":"<!-- This site is optimized with the Yoast SEO plugin v22.6 - https:\/\/yoast.com\/wordpress\/plugins\/seo\/ -->\n<title>Aluguel de Motos BMW em M\u00e1laga - IMTBike<\/title>\n<meta name=\"description\" content=\"Aluguel de motos em Malaga. Motos BMW novas e com equipamento completo. Telefone para +34 91 633 72 22 e reserve o seu aluguel de moto em Malaga.\" \/>\n<meta name=\"robots\" content=\"index, follow, max-snippet:-1, max-image-preview:large, max-video-preview:-1\" \/>\n<link rel=\"canonical\" href=\"https:\/\/www.imtbike.com\/pt-br\/alugel-motos-espanha-portugal\/localizacoes\/malaga\/\" \/>\n<meta property=\"og:locale\" content=\"pt_BR\" \/>\n<meta property=\"og:type\" content=\"article\" \/>\n<meta property=\"og:title\" content=\"Aluguel de Motos BMW em M\u00e1laga - IMTBike\" \/>\n<meta property=\"og:description\" content=\"Aluguel de motos em Malaga. Motos BMW novas e com equipamento completo. Telefone para +34 91 633 72 22 e reserve o seu aluguel de moto em Malaga.\" \/>\n<meta property=\"og:url\" content=\"https:\/\/www.imtbike.com\/pt-br\/alugel-motos-espanha-portugal\/localizacoes\/malaga\/\" \/>\n<meta property=\"og:site_name\" content=\"IMTBike\" \/>\n<meta property=\"article:modified_time\" content=\"2020-08-03T14:51:01+00:00\" \/>\n<meta property=\"og:image\" content=\"https:\/\/www.imtbike.com\/be\/wp-content\/uploads\/2014\/04\/malaga-1.jpg\" \/>\n\t<meta property=\"og:image:width\" content=\"1198\" \/>\n\t<meta property=\"og:image:height\" content=\"421\" \/>\n\t<meta property=\"og:image:type\" content=\"image\/jpeg\" \/>\n<meta name=\"twitter:label1\" content=\"Est. reading time\" \/>\n\t<meta name=\"twitter:data1\" content=\"1 minute\" \/>\n<script type=\"application\/ld+json\" class=\"yoast-schema-graph\">{\"@context\":\"https:\/\/schema.org\",\"@graph\":[{\"@type\":\"WebPage\",\"@id\":\"https:\/\/www.imtbike.com\/pt-br\/alugel-motos-espanha-portugal\/localizacoes\/malaga\/\",\"url\":\"https:\/\/www.imtbike.com\/pt-br\/alugel-motos-espanha-portugal\/localizacoes\/malaga\/\",\"name\":\"Aluguel de Motos BMW em M\u00e1laga - IMTBike\",\"isPartOf\":{\"@id\":\"https:\/\/www.imtbike.com\/#website\"},\"primaryImageOfPage\":{\"@id\":\"https:\/\/www.imtbike.com\/pt-br\/alugel-motos-espanha-portugal\/localizacoes\/malaga\/#primaryimage\"},\"image\":{\"@id\":\"https:\/\/www.imtbike.com\/pt-br\/alugel-motos-espanha-portugal\/localizacoes\/malaga\/#primaryimage\"},\"thumbnailUrl\":\"https:\/\/www.imtbike.com\/be\/wp-content\/uploads\/2014\/04\/malaga-1.jpg\",\"datePublished\":\"2014-04-02T14:15:56+00:00\",\"dateModified\":\"2020-08-03T14:51:01+00:00\",\"description\":\"Aluguel de motos em Malaga. Motos BMW novas e com equipamento completo. Telefone para +34 91 633 72 22 e reserve o seu aluguel de moto em Malaga.\",\"breadcrumb\":{\"@id\":\"https:\/\/www.imtbike.com\/pt-br\/alugel-motos-espanha-portugal\/localizacoes\/malaga\/#breadcrumb\"},\"inLanguage\":\"pt-BR\",\"potentialAction\":[{\"@type\":\"ReadAction\",\"target\":[\"https:\/\/www.imtbike.com\/pt-br\/alugel-motos-espanha-portugal\/localizacoes\/malaga\/\"]}]},{\"@type\":\"ImageObject\",\"inLanguage\":\"pt-BR\",\"@id\":\"https:\/\/www.imtbike.com\/pt-br\/alugel-motos-espanha-portugal\/localizacoes\/malaga\/#primaryimage\",\"url\":\"https:\/\/www.imtbike.com\/be\/wp-content\/uploads\/2014\/04\/malaga-1.jpg\",\"contentUrl\":\"https:\/\/www.imtbike.com\/be\/wp-content\/uploads\/2014\/04\/malaga-1.jpg\",\"width\":1198,\"height\":421},{\"@type\":\"BreadcrumbList\",\"@id\":\"https:\/\/www.imtbike.com\/pt-br\/alugel-motos-espanha-portugal\/localizacoes\/malaga\/#breadcrumb\",\"itemListElement\":[{\"@type\":\"ListItem\",\"position\":1,\"name\":\"Home\",\"item\":\"https:\/\/www.imtbike.com\/\"},{\"@type\":\"ListItem\",\"position\":2,\"name\":\"Aluguel de Motos BMW em Espanha e Portugal\",\"item\":\"https:\/\/www.imtbike.com\/motorcycle-rentals\/\"},{\"@type\":\"ListItem\",\"position\":3,\"name\":\"Localiza\u00e7\u00f5es dos centros de aluguel de Motos\",\"item\":\"https:\/\/www.imtbike.com\/pt-br\/alugel-motos-espanha-portugal\/localizacoes\/\"},{\"@type\":\"ListItem\",\"position\":4,\"name\":\"Aluguel de Motos BMW em M\u00e1laga\"}]},{\"@type\":\"WebSite\",\"@id\":\"https:\/\/www.imtbike.com\/#website\",\"url\":\"https:\/\/www.imtbike.com\/\",\"name\":\"IMTBike\",\"description\":\"Passion for Motorcycling\",\"potentialAction\":[{\"@type\":\"SearchAction\",\"target\":{\"@type\":\"EntryPoint\",\"urlTemplate\":\"https:\/\/www.imtbike.com\/?s={search_term_string}\"},\"query-input\":\"required name=search_term_string\"}],\"inLanguage\":\"pt-BR\"}]}<\/script>\n<!-- \/ Yoast SEO plugin. -->","yoast_head_json":{"title":"Aluguel de Motos BMW em M\u00e1laga - IMTBike","description":"Aluguel de motos em Malaga. Motos BMW novas e com equipamento completo. Telefone para +34 91 633 72 22 e reserve o seu aluguel de moto em Malaga.","robots":{"index":"index","follow":"follow","max-snippet":"max-snippet:-1","max-image-preview":"max-image-preview:large","max-video-preview":"max-video-preview:-1"},"canonical":"https:\/\/www.imtbike.com\/pt-br\/alugel-motos-espanha-portugal\/localizacoes\/malaga\/","og_locale":"pt_BR","og_type":"article","og_title":"Aluguel de Motos BMW em M\u00e1laga - IMTBike","og_description":"Aluguel de motos em Malaga. Motos BMW novas e com equipamento completo. Telefone para +34 91 633 72 22 e reserve o seu aluguel de moto em Malaga.","og_url":"https:\/\/www.imtbike.com\/pt-br\/alugel-motos-espanha-portugal\/localizacoes\/malaga\/","og_site_name":"IMTBike","article_modified_time":"2020-08-03T14:51:01+00:00","og_image":[{"width":1198,"height":421,"url":"https:\/\/www.imtbike.com\/be\/wp-content\/uploads\/2014\/04\/malaga-1.jpg","type":"image\/jpeg"}],"twitter_misc":{"Est. reading time":"1 minute"},"schema":{"@context":"https:\/\/schema.org","@graph":[{"@type":"WebPage","@id":"https:\/\/www.imtbike.com\/pt-br\/alugel-motos-espanha-portugal\/localizacoes\/malaga\/","url":"https:\/\/www.imtbike.com\/pt-br\/alugel-motos-espanha-portugal\/localizacoes\/malaga\/","name":"Aluguel de Motos BMW em M\u00e1laga - IMTBike","isPartOf":{"@id":"https:\/\/www.imtbike.com\/#website"},"primaryImageOfPage":{"@id":"https:\/\/www.imtbike.com\/pt-br\/alugel-motos-espanha-portugal\/localizacoes\/malaga\/#primaryimage"},"image":{"@id":"https:\/\/www.imtbike.com\/pt-br\/alugel-motos-espanha-portugal\/localizacoes\/malaga\/#primaryimage"},"thumbnailUrl":"https:\/\/www.imtbike.com\/be\/wp-content\/uploads\/2014\/04\/malaga-1.jpg","datePublished":"2014-04-02T14:15:56+00:00","dateModified":"2020-08-03T14:51:01+00:00","description":"Aluguel de motos em Malaga. Motos BMW novas e com equipamento completo. Telefone para +34 91 633 72 22 e reserve o seu aluguel de moto em Malaga.","breadcrumb":{"@id":"https:\/\/www.imtbike.com\/pt-br\/alugel-motos-espanha-portugal\/localizacoes\/malaga\/#breadcrumb"},"inLanguage":"pt-BR","potentialAction":[{"@type":"ReadAction","target":["https:\/\/www.imtbike.com\/pt-br\/alugel-motos-espanha-portugal\/localizacoes\/malaga\/"]}]},{"@type":"ImageObject","inLanguage":"pt-BR","@id":"https:\/\/www.imtbike.com\/pt-br\/alugel-motos-espanha-portugal\/localizacoes\/malaga\/#primaryimage","url":"https:\/\/www.imtbike.com\/be\/wp-content\/uploads\/2014\/04\/malaga-1.jpg","contentUrl":"https:\/\/www.imtbike.com\/be\/wp-content\/uploads\/2014\/04\/malaga-1.jpg","width":1198,"height":421},{"@type":"BreadcrumbList","@id":"https:\/\/www.imtbike.com\/pt-br\/alugel-motos-espanha-portugal\/localizacoes\/malaga\/#breadcrumb","itemListElement":[{"@type":"ListItem","position":1,"name":"Home","item":"https:\/\/www.imtbike.com\/"},{"@type":"ListItem","position":2,"name":"Aluguel de Motos BMW em Espanha e Portugal","item":"https:\/\/www.imtbike.com\/motorcycle-rentals\/"},{"@type":"ListItem","position":3,"name":"Localiza\u00e7\u00f5es dos centros de aluguel de Motos","item":"https:\/\/www.imtbike.com\/pt-br\/alugel-motos-espanha-portugal\/localizacoes\/"},{"@type":"ListItem","position":4,"name":"Aluguel de Motos BMW em M\u00e1laga"}]},{"@type":"WebSite","@id":"https:\/\/www.imtbike.com\/#website","url":"https:\/\/www.imtbike.com\/","name":"IMTBike","description":"Passion for Motorcycling","potentialAction":[{"@type":"SearchAction","target":{"@type":"EntryPoint","urlTemplate":"https:\/\/www.imtbike.com\/?s={search_term_string}"},"query-input":"required name=search_term_string"}],"inLanguage":"pt-BR"}]}},"jetpack_sharing_enabled":true,"_links":{"self":[{"href":"https:\/\/www.imtbike.com\/pt-br\/wp-json\/wp\/v2\/pages\/3954"}],"collection":[{"href":"https:\/\/www.imtbike.com\/pt-br\/wp-json\/wp\/v2\/pages"}],"about":[{"href":"https:\/\/www.imtbike.com\/pt-br\/wp-json\/wp\/v2\/types\/page"}],"author":[{"embeddable":true,"href":"https:\/\/www.imtbike.com\/pt-br\/wp-json\/wp\/v2\/users\/21"}],"replies":[{"embeddable":true,"href":"https:\/\/www.imtbike.com\/pt-br\/wp-json\/wp\/v2\/comments?post=3954"}],"version-history":[{"count":3,"href":"https:\/\/www.imtbike.com\/pt-br\/wp-json\/wp\/v2\/pages\/3954\/revisions"}],"predecessor-version":[{"id":23266,"href":"https:\/\/www.imtbike.com\/pt-br\/wp-json\/wp\/v2\/pages\/3954\/revisions\/23266"}],"up":[{"embeddable":true,"href":"https:\/\/www.imtbike.com\/pt-br\/wp-json\/wp\/v2\/pages\/3932"}],"wp:featuredmedia":[{"embeddable":true,"href":"https:\/\/www.imtbike.com\/pt-br\/wp-json\/wp\/v2\/media\/12404"}],"wp:attachment":[{"href":"https:\/\/www.imtbike.com\/pt-br\/wp-json\/wp\/v2\/media?parent=3954"}],"curies":[{"name":"wp","href":"https:\/\/api.w.org\/{rel}","templated":true}]}}

Aluguel de Motos BMW em Málaga

<p>Málaga é a capital da &#8220;Costa del Sol&#8221; (Costa do Sol). Localizada no sul de Espanha, é a cidade Espanhola com mais dias de sol por ano! 325 dias de sol e uma temperatura média de 18ºC(65ºF) tornando-a numa paraíso natural para pilotar uma moto BMW.<a href="https://www.imtbike.com/be/wp-content/uploads/2014/04/malaga-2.jpg" rel="attachment wp-att-13007"><img decoding="async" loading="lazy" class="size-medium wp-image-13007 alignright" src="https://www.imtbike.com/be/wp-content/uploads/2014/04/malaga-2-300x194.jpg" alt="motorcycle-rental-in-malaga" width="300" height="194" srcset="https://www.imtbike.com/be/wp-content/uploads/2014/04/malaga-2-300x194.jpg 300w, https://www.imtbike.com/be/wp-content/uploads/2014/04/malaga-2.jpg 322w" sizes="(max-width: 300px) 100vw, 300px" /></a></p>
<p>Málaga tem praias fantásticas e no seu centro podemos desfrutar de inúmeros bares, restaurantes e esplanadas onde pode provar o melhor marisco do mediterrâneo. As montanhas do interior que rodeiam Málaga têm algumas mas melhores estradas do mundo para percorrer em moto. Curvas perfeitas sem tráfego. Se for para norte, estas estradas montanhosas podem levá-lo a um imenso olival, caso contrário pode optar por passear através das típicas vilas e aldeias brancas durante 2 horas até chegar ao mítico ao Circuito de Jerez e juntar-se aos 120 000 fãs do campeonato do mundo de MotoGP para a primeira corrida Europeia de cada temporada!</p>
<h3>O que visitar em Málaga</h3>
<p>Em Málaga é obrigatório visitar o Museu Picasso, já que foi a cidade onde nasceu o pintor. Deve também visitar o Castelo Gibralfaro, o Teatro Romano e a Catedral. Uma pequena saída em moto fora de Málaga pode levá-lo até Marbelha e Porto Banus que é onde vivem muitos dos famosos da sociedade Europeia.</p>
<h3>Tours IMTBIKE</h3>
<p>Se está à procura de umas férias em moto sem preocupações, a IMTBIKE oferece também tours guiados e autoguiados em Espanha, Portugal, Marrocos, França e Itália. Nós usamos os melhores hotéis &#8220;motorcycle-friendly&#8221; e a garantia de estradas incríveis dia após dia! Para ver mais informação acerca dos tours IMTBIKE por favor <a href="/imt-motorcycle-tours">clique aqui</a>.</p>

<p>Málaga é a capital da &#8220;Costa del Sol&#8221; (Costa do Sol). Localizada no sul de Espanha, é a cidade Espanhola com mais dias de sol por ano! 325 dias de sol e uma temperatura média de 18ºC(65ºF) tornando-a numa paraíso natural para pilotar uma moto BMW.</p>
<p> <a class="read-more" href="https://www.imtbike.com/pt-br/alugel-motos-espanha-portugal/localizacoes/malaga/"> Read More</a></p>

<!-- This site is optimized with the Yoast SEO plugin v22.6 - https://yoast.com/wordpress/plugins/seo/ -->
<title>Aluguel de Motos BMW em Málaga - IMTBike</title>
<meta name="description" content="Aluguel de motos em Malaga. Motos BMW novas e com equipamento completo. Telefone para +34 91 633 72 22 e reserve o seu aluguel de moto em Malaga." />
<meta name="robots" content="index, follow, max-snippet:-1, max-image-preview:large, max-video-preview:-1" />
<link rel="canonical" href="https://www.imtbike.com/pt-br/alugel-motos-espanha-portugal/localizacoes/malaga/" />
<meta property="og:locale" content="pt_BR" />
<meta property="og:type" content="article" />
<meta property="og:title" content="Aluguel de Motos BMW em Málaga - IMTBike" />
<meta property="og:description" content="Aluguel de motos em Malaga. Motos BMW novas e com equipamento completo. Telefone para +34 91 633 72 22 e reserve o seu aluguel de moto em Malaga." />
<meta property="og:url" content="https://www.imtbike.com/pt-br/alugel-motos-espanha-portugal/localizacoes/malaga/" />
<meta property="og:site_name" content="IMTBike" />
<meta property="article:modified_time" content="2020-08-03T14:51:01+00:00" />
<meta property="og:image" content="https://www.imtbike.com/be/wp-content/uploads/2014/04/malaga-1.jpg" />
	<meta property="og:image:width" content="1198" />
	<meta property="og:image:height" content="421" />
	<meta property="og:image:type" content="image/jpeg" />
<meta name="twitter:label1" content="Est. reading time" />
	<meta name="twitter:data1" content="1 minute" />
<script type="application/ld+json" class="yoast-schema-graph">{"@context":"https://schema.org","@graph":[{"@type":"WebPage","@id":"https://www.imtbike.com/pt-br/alugel-motos-espanha-portugal/localizacoes/malaga/","url":"https://www.imtbike.com/pt-br/alugel-motos-espanha-portugal/localizacoes/malaga/","name":"Aluguel de Motos BMW em Málaga - IMTBike","isPartOf":{"@id":"https://www.imtbike.com/#website"},"primaryImageOfPage":{"@id":"https://www.imtbike.com/pt-br/alugel-motos-espanha-portugal/localizacoes/malaga/#primaryimage"},"image":{"@id":"https://www.imtbike.com/pt-br/alugel-motos-espanha-portugal/localizacoes/malaga/#primaryimage"},"thumbnailUrl":"https://www.imtbike.com/be/wp-content/uploads/2014/04/malaga-1.jpg","datePublished":"2014-04-02T14:15:56+00:00","dateModified":"2020-08-03T14:51:01+00:00","description":"Aluguel de motos em Malaga. Motos BMW novas e com equipamento completo. Telefone para +34 91 633 72 22 e reserve o seu aluguel de moto em Malaga.","breadcrumb":{"@id":"https://www.imtbike.com/pt-br/alugel-motos-espanha-portugal/localizacoes/malaga/#breadcrumb"},"inLanguage":"pt-BR","potentialAction":[{"@type":"ReadAction","target":["https://www.imtbike.com/pt-br/alugel-motos-espanha-portugal/localizacoes/malaga/"]}]},{"@type":"ImageObject","inLanguage":"pt-BR","@id":"https://www.imtbike.com/pt-br/alugel-motos-espanha-portugal/localizacoes/malaga/#primaryimage","url":"https://www.imtbike.com/be/wp-content/uploads/2014/04/malaga-1.jpg","contentUrl":"https://www.imtbike.com/be/wp-content/uploads/2014/04/malaga-1.jpg","width":1198,"height":421},{"@type":"BreadcrumbList","@id":"https://www.imtbike.com/pt-br/alugel-motos-espanha-portugal/localizacoes/malaga/#breadcrumb","itemListElement":[{"@type":"ListItem","position":1,"name":"Home","item":"https://www.imtbike.com/"},{"@type":"ListItem","position":2,"name":"Aluguel de Motos BMW em Espanha e Portugal","item":"https://www.imtbike.com/motorcycle-rentals/"},{"@type":"ListItem","position":3,"name":"Localizações dos centros de aluguel de Motos","item":"https://www.imtbike.com/pt-br/alugel-motos-espanha-portugal/localizacoes/"},{"@type":"ListItem","position":4,"name":"Aluguel de Motos BMW em Málaga"}]},{"@type":"WebSite","@id":"https://www.imtbike.com/#website","url":"https://www.imtbike.com/","name":"IMTBike","description":"Passion for Motorcycling","potentialAction":[{"@type":"SearchAction","target":{"@type":"EntryPoint","urlTemplate":"https://www.imtbike.com/?s={search_term_string}"},"query-input":"required name=search_term_string"}],"inLanguage":"pt-BR"}]}</script>
<!-- / Yoast SEO plugin. -->

Aluguel de Motos BMW em Málaga - IMTBike

Localizações dos centros de aluguel de Motos
